{"id":3200,"date":"2025-08-21T11:35:02","date_gmt":"2025-08-21T09:35:02","guid":{"rendered":"http:\/\/becobra.be\/comites-techniques\/social-affairs-talent\/"},"modified":"2026-04-08T12:09:47","modified_gmt":"2026-04-08T10:09:47","slug":"affaires-sociales-et-talents","status":"publish","type":"page","link":"https:\/\/becobra.be\/fr\/a-propos\/commissions-techniques\/affaires-sociales-et-talents\/","title":{"rendered":"Affaires sociales &amp; talents"},"content":{"rendered":"\t\t<div data-elementor-type=\"wp-page\" data-elementor-id=\"3200\" class=\"elementor elementor-3200 elementor-1344\" data-elementor-settings=\"{&quot;element_pack_global_tooltip_width&quot;:{&quot;unit&quot;:&quot;px&quot;,&quot;size&quot;:&quot;&quot;,&quot;sizes&quot;:[]},&quot;element_pack_global_tooltip_width_tablet&quot;:{&quot;unit&quot;:&quot;px&quot;,&quot;size&quot;:&quot;&quot;,&quot;sizes&quot;:[]},&quot;element_pack_global_tooltip_width_mobile&quot;:{&quot;unit&quot;:&quot;px&quot;,&quot;size&quot;:&quot;&quot;,&quot;sizes&quot;:[]},&quot;element_pack_global_tooltip_padding&quot;:{&quot;unit&quot;:&quot;px&quot;,&quot;top&quot;:&quot;&quot;,&quot;right&quot;:&quot;&quot;,&quot;bottom&quot;:&quot;&quot;,&quot;left&quot;:&quot;&quot;,&quot;isLinked&quot;:true},&quot;element_pack_global_tooltip_padding_tablet&quot;:{&quot;unit&quot;:&quot;px&quot;,&quot;top&quot;:&quot;&quot;,&quot;right&quot;:&quot;&quot;,&quot;bottom&quot;:&quot;&quot;,&quot;left&quot;:&quot;&quot;,&quot;isLinked&quot;:true},&quot;element_pack_global_tooltip_padding_mobile&quot;:{&quot;unit&quot;:&quot;px&quot;,&quot;top&quot;:&quot;&quot;,&quot;right&quot;:&quot;&quot;,&quot;bottom&quot;:&quot;&quot;,&quot;left&quot;:&quot;&quot;,&quot;isLinked&quot;:true},&quot;element_pack_global_tooltip_border_radius&quot;:{&quot;unit&quot;:&quot;px&quot;,&quot;top&quot;:&quot;&quot;,&quot;right&quot;:&quot;&quot;,&quot;bottom&quot;:&quot;&quot;,&quot;left&quot;:&quot;&quot;,&quot;isLinked&quot;:true},&quot;element_pack_global_tooltip_border_radius_tablet&quot;:{&quot;unit&quot;:&quot;px&quot;,&quot;top&quot;:&quot;&quot;,&quot;right&quot;:&quot;&quot;,&quot;bottom&quot;:&quot;&quot;,&quot;left&quot;:&quot;&quot;,&quot;isLinked&quot;:true},&quot;element_pack_global_tooltip_border_radius_mobile&quot;:{&quot;unit&quot;:&quot;px&quot;,&quot;top&quot;:&quot;&quot;,&quot;right&quot;:&quot;&quot;,&quot;bottom&quot;:&quot;&quot;,&quot;left&quot;:&quot;&quot;,&quot;isLinked&quot;:true}}\" data-elementor-post-type=\"page\">\n\t\t\t\t<div data-dce-background-overlay-image-url=\"https:\/\/becobra.be\/wp-content\/uploads\/\/2025\/09\/67ada86e8455eca4e7b56a09_blocks-horizontal-1-1.svg\" class=\"elementor-element elementor-element-d803502 e-flex e-con-boxed e-con e-parent\" data-id=\"d803502\" data-element_type=\"container\" data-e-type=\"container\" data-settings=\"{&quot;background_background&quot;:&quot;classic&quot;}\">\n\t\t\t\t\t<div class=\"e-con-inner\">\n\t\t<div class=\"elementor-element elementor-element-6329fee e-con-full e-flex e-con e-child\" data-id=\"6329fee\" data-element_type=\"container\" data-e-type=\"container\">\n\t\t\t\t<div class=\"elementor-element elementor-element-d0b982d elementor-widget elementor-widget-heading\" data-id=\"d0b982d\" data-element_type=\"widget\" data-e-type=\"widget\" data-widget_type=\"heading.default\">\n\t\t\t\t<div class=\"elementor-widget-container\">\n\t\t\t\t\t<h1 class=\"elementor-heading-title elementor-size-default\">CT Affaires sociales &amp; talents<\/h1>\t\t\t\t<\/div>\n\t\t\t\t<\/div>\n\t\t\t\t<div class=\"elementor-element elementor-element-5aed53d elementor-widget__width-initial elementor-widget-tablet__width-inherit elementor-widget elementor-widget-text-editor\" data-id=\"5aed53d\" data-element_type=\"widget\" data-e-type=\"widget\" data-widget_type=\"text-editor.default\">\n\t\t\t\t<div class=\"elementor-widget-container\">\n\t\t\t\t\t\t\t\t\t<p>En tant que repr\u00e9sentant des employeurs au sein de la commission paritaire du secteur (CP307), notre association joue un r\u00f4le cl\u00e9 dans le dialogue social. Cette commission rassemble l&rsquo;expertise et et aligne les positions du secteur en mati\u00e8re de relations de travail durables, de d\u00e9veloppement des talents et de politiques sociales tourn\u00e9es vers l&rsquo;avenir. L\u2019accent porte sur l\u2019attraction, le d\u00e9veloppement et la fid\u00e9lisation des talents, en tenant compte des attentes des jeunes g\u00e9n\u00e9rations et de l\u2019impact d\u2019un environnement professionnel en \u00e9volution, notamment sous l\u2019effet de la digitalisation. La commission contribue ainsi \u00e0 une politique sociale qui pr\u00e9pare durablement le secteur \u00e0 l\u2019avenir.<\/p>\t\t\t\t\t\t\t\t<\/div>\n\t\t\t\t<\/div>\n\t\t\t\t<\/div>\n\t\t\t\t\t<\/div>\n\t\t\t\t<\/div>\n\t\t<div class=\"elementor-element elementor-element-6dd24c7 e-flex e-con-boxed e-con e-parent\" data-id=\"6dd24c7\" data-element_type=\"container\" data-e-type=\"container\">\n\t\t\t\t\t<div class=\"e-con-inner\">\n\t\t\t\t<div class=\"elementor-element elementor-element-09d5ef4 elementor-widget elementor-widget-heading\" data-id=\"09d5ef4\" data-element_type=\"widget\" data-e-type=\"widget\" data-widget_type=\"heading.default\">\n\t\t\t\t<div class=\"elementor-widget-container\">\n\t\t\t\t\t<h2 class=\"elementor-heading-title elementor-size-default\">Les experts au sein de cette commission<\/h2>\t\t\t\t<\/div>\n\t\t\t\t<\/div>\n\t\t\t\t<div class=\"elementor-element elementor-element-9b9d893 elementor-widget elementor-widget-text-editor\" data-id=\"9b9d893\" data-element_type=\"widget\" data-e-type=\"widget\" data-widget_type=\"text-editor.default\">\n\t\t\t\t<div class=\"elementor-widget-container\">\n\t\t\t\t\t\t\t\t\t<table>\n<tbody>\n<tr>\n<td><strong>Maxim Baer<\/strong><\/td>\n<td>Tysers Belgium<\/td>\n<\/tr>\n<tr>\n<td><strong>Geoffrey Cole<\/strong><\/td>\n<td>Davies Broking Europe<\/td>\n<\/tr>\n<tr>\n<td><strong>Ekrem Eryoruk<\/strong><\/td>\n<td>Soyer &amp; Mamet<\/td>\n<\/tr>\n<tr>\n<td><strong>Kathleen Hautekiet<\/strong><\/td>\n<td>Concordia<\/td>\n<\/tr>\n<tr>\n<td><strong>St\u00e9phanie Hollanders<\/strong><\/td>\n<td>Wilink Insurance<\/td>\n<\/tr>\n<tr>\n<td><strong>Danielle Innocent<\/strong><\/td>\n<td>Vanbreda Risk &amp; Benefits<\/td>\n<\/tr>\n<tr>\n<td><strong>Marjolijn Lauwerier<\/strong><\/td>\n<td>Vanbreda Risk &amp; Benefits<\/td>\n<\/tr>\n<tr>\n<td><strong>Patrizia Pace<\/strong><\/td>\n<td>WTW (Willis Towers Watson)<\/td>\n<\/tr>\n<tr>\n<td><strong>Cindy Peeters<\/strong><\/td>\n<td>ADD<\/td>\n<\/tr>\n<tr>\n<td><strong>Karine Pelegrin<\/strong><\/td>\n<td>Soyer &amp; Mamet<\/td>\n<\/tr>\n<tr>\n<td><strong>Theo Ruyters<\/strong><\/td>\n<td>Howden Belgium<\/td>\n<\/tr>\n<tr>\n<td><strong>Nancy Simons<\/strong><\/td>\n<td>IC Verzekeringen &#8211; CI Assurances<\/td>\n<\/tr>\n<tr>\n<td><strong>Nancy Van Cauwenbergh<\/strong><\/td>\n<td>Hillewaere Insurance<\/td>\n<\/tr>\n<tr>\n<td><strong>Ann Van der Linden<\/strong><\/td>\n<td>Marsh<\/td>\n<\/tr>\n<tr>\n<td><strong>Kari Vankeirsbilck<\/strong><\/td>\n<td>Aon Belgium<\/td>\n<\/tr>\n<tr>\n<td><strong>Sabrina Veiders<\/strong><\/td>\n<td>LRS Insurance<\/td>\n<\/tr>\n<tr>\n<td><strong>Wim Vermeersch<\/strong><\/td>\n<td>Agallis<\/td>\n<\/tr>\n<tr>\n<td><strong>Kristel Verstrepen<\/strong><\/td>\n<td>Cigna Healthcare &#8211; Cigna International Health Services<\/td>\n<\/tr>\n<tr>\n<td><strong>Louise Wie\u00ebrs<\/strong><\/td>\n<td>Concordia<\/td>\n<\/tr>\n<\/tbody>\n<\/table>\t\t\t\t\t\t\t\t<\/div>\n\t\t\t\t<\/div>\n\t\t\t\t\t<\/div>\n\t\t\t\t<\/div>\n\t\t\t\t<\/div>\n\t\t","protected":false},"excerpt":{"rendered":"<p>En tant que repr\u00e9sentant des employeurs au sein de la commission paritaire du secteur (CP307), notre association joue un r\u00f4le cl\u00e9 dans le dialogue social. Cette commission rassemble l&rsquo;expertise et et aligne les positions du secteur en mati\u00e8re de relations de travail durables, de d\u00e9veloppement des talents et de politiques sociales tourn\u00e9es vers l&rsquo;avenir. L\u2019accent [&hellip;]<\/p>\n","protected":false},"author":1,"featured_media":0,"parent":3187,"menu_order":0,"comment_status":"closed","ping_status":"closed","template":"","meta":{"_acf_changed":false,"footnotes":""},"class_list":["post-3200","page","type-page","status-publish","hentry"],"acf":[],"_links":{"self":[{"href":"https:\/\/becobra.be\/fr\/wp-json\/wp\/v2\/pages\/3200","targetHints":{"allow":["GET"]}}],"collection":[{"href":"https:\/\/becobra.be\/fr\/wp-json\/wp\/v2\/pages"}],"about":[{"href":"https:\/\/becobra.be\/fr\/wp-json\/wp\/v2\/types\/page"}],"author":[{"embeddable":true,"href":"https:\/\/becobra.be\/fr\/wp-json\/wp\/v2\/users\/1"}],"replies":[{"embeddable":true,"href":"https:\/\/becobra.be\/fr\/wp-json\/wp\/v2\/comments?post=3200"}],"version-history":[{"count":29,"href":"https:\/\/becobra.be\/fr\/wp-json\/wp\/v2\/pages\/3200\/revisions"}],"predecessor-version":[{"id":9174,"href":"https:\/\/becobra.be\/fr\/wp-json\/wp\/v2\/pages\/3200\/revisions\/9174"}],"up":[{"embeddable":true,"href":"https:\/\/becobra.be\/fr\/wp-json\/wp\/v2\/pages\/3187"}],"wp:attachment":[{"href":"https:\/\/becobra.be\/fr\/wp-json\/wp\/v2\/media?parent=3200"}],"curies":[{"name":"wp","href":"https:\/\/api.w.org\/{rel}","templated":true}]}}

<div data-elementor-type="wp-page" data-elementor-id="3200" class="elementor elementor-3200 elementor-1344" data-elementor-settings="{&quot;element_pack_global_tooltip_width&quot;:{&quot;unit&quot;:&quot;px&quot;,&quot;size&quot;:&quot;&quot;,&quot;sizes&quot;:[]},&quot;element_pack_global_tooltip_width_tablet&quot;:{&quot;unit&quot;:&quot;px&quot;,&quot;size&quot;:&quot;&quot;,&quot;sizes&quot;:[]},&quot;element_pack_global_tooltip_width_mobile&quot;:{&quot;unit&quot;:&quot;px&quot;,&quot;size&quot;:&quot;&quot;,&quot;sizes&quot;:[]},&quot;element_pack_global_tooltip_padding&quot;:{&quot;unit&quot;:&quot;px&quot;,&quot;top&quot;:&quot;&quot;,&quot;right&quot;:&quot;&quot;,&quot;bottom&quot;:&quot;&quot;,&quot;left&quot;:&quot;&quot;,&quot;isLinked&quot;:true},&quot;element_pack_global_tooltip_padding_tablet&quot;:{&quot;unit&quot;:&quot;px&quot;,&quot;top&quot;:&quot;&quot;,&quot;right&quot;:&quot;&quot;,&quot;bottom&quot;:&quot;&quot;,&quot;left&quot;:&quot;&quot;,&quot;isLinked&quot;:true},&quot;element_pack_global_tooltip_padding_mobile&quot;:{&quot;unit&quot;:&quot;px&quot;,&quot;top&quot;:&quot;&quot;,&quot;right&quot;:&quot;&quot;,&quot;bottom&quot;:&quot;&quot;,&quot;left&quot;:&quot;&quot;,&quot;isLinked&quot;:true},&quot;element_pack_global_tooltip_border_radius&quot;:{&quot;unit&quot;:&quot;px&quot;,&quot;top&quot;:&quot;&quot;,&quot;right&quot;:&quot;&quot;,&quot;bottom&quot;:&quot;&quot;,&quot;left&quot;:&quot;&quot;,&quot;isLinked&quot;:true},&quot;element_pack_global_tooltip_border_radius_tablet&quot;:{&quot;unit&quot;:&quot;px&quot;,&quot;top&quot;:&quot;&quot;,&quot;right&quot;:&quot;&quot;,&quot;bottom&quot;:&quot;&quot;,&quot;left&quot;:&quot;&quot;,&quot;isLinked&quot;:true},&quot;element_pack_global_tooltip_border_radius_mobile&quot;:{&quot;unit&quot;:&quot;px&quot;,&quot;top&quot;:&quot;&quot;,&quot;right&quot;:&quot;&quot;,&quot;bottom&quot;:&quot;&quot;,&quot;left&quot;:&quot;&quot;,&quot;isLinked&quot;:true}}" data-elementor-post-type="page">
				<div data-dce-background-overlay-image-url="https://becobra.be/wp-content/uploads//2025/09/67ada86e8455eca4e7b56a09_blocks-horizontal-1-1.svg" class="elementor-element elementor-element-d803502 e-flex e-con-boxed e-con e-parent" data-id="d803502" data-element_type="container" data-e-type="container" data-settings="{&quot;background_background&quot;:&quot;classic&quot;}">
					<div class="e-con-inner">
		<div class="elementor-element elementor-element-6329fee e-con-full e-flex e-con e-child" data-id="6329fee" data-element_type="container" data-e-type="container">
				<div class="elementor-element elementor-element-d0b982d elementor-widget elementor-widget-heading" data-id="d0b982d" data-element_type="widget" data-e-type="widget" data-widget_type="heading.default">
				<div class="elementor-widget-container">
					<h1 class="elementor-heading-title elementor-size-default">CT Affaires sociales &amp; talents</h1>				</div>
				</div>
				<div class="elementor-element elementor-element-5aed53d elementor-widget__width-initial elementor-widget-tablet__width-inherit elementor-widget elementor-widget-text-editor" data-id="5aed53d" data-element_type="widget" data-e-type="widget" data-widget_type="text-editor.default">
				<div class="elementor-widget-container">
									<p>En tant que représentant des employeurs au sein de la commission paritaire du secteur (CP307), notre association joue un rôle clé dans le dialogue social. Cette commission rassemble l&rsquo;expertise et et aligne les positions du secteur en matière de relations de travail durables, de développement des talents et de politiques sociales tournées vers l&rsquo;avenir. L’accent porte sur l’attraction, le développement et la fidélisation des talents, en tenant compte des attentes des jeunes générations et de l’impact d’un environnement professionnel en évolution, notamment sous l’effet de la digitalisation. La commission contribue ainsi à une politique sociale qui prépare durablement le secteur à l’avenir.</p>								</div>
				</div>
				</div>
					</div>
				</div>
		<div class="elementor-element elementor-element-6dd24c7 e-flex e-con-boxed e-con e-parent" data-id="6dd24c7" data-element_type="container" data-e-type="container">
					<div class="e-con-inner">
				<div class="elementor-element elementor-element-09d5ef4 elementor-widget elementor-widget-heading" data-id="09d5ef4" data-element_type="widget" data-e-type="widget" data-widget_type="heading.default">
				<div class="elementor-widget-container">
					<h2 class="elementor-heading-title elementor-size-default">Les experts au sein de cette commission</h2>				</div>
				</div>
				<div class="elementor-element elementor-element-9b9d893 elementor-widget elementor-widget-text-editor" data-id="9b9d893" data-element_type="widget" data-e-type="widget" data-widget_type="text-editor.default">
				<div class="elementor-widget-container">
									<table>
<tbody>
<tr>
<td><strong>Maxim Baer</strong></td>
<td>Tysers Belgium</td>
</tr>
<tr>
<td><strong>Geoffrey Cole</strong></td>
<td>Davies Broking Europe</td>
</tr>
<tr>
<td><strong>Ekrem Eryoruk</strong></td>
<td>Soyer &amp; Mamet</td>
</tr>
<tr>
<td><strong>Kathleen Hautekiet</strong></td>
<td>Concordia</td>
</tr>
<tr>
<td><strong>Stéphanie Hollanders</strong></td>
<td>Wilink Insurance</td>
</tr>
<tr>
<td><strong>Danielle Innocent</strong></td>
<td>Vanbreda Risk &amp; Benefits</td>
</tr>
<tr>
<td><strong>Marjolijn Lauwerier</strong></td>
<td>Vanbreda Risk &amp; Benefits</td>
</tr>
<tr>
<td><strong>Patrizia Pace</strong></td>
<td>WTW (Willis Towers Watson)</td>
</tr>
<tr>
<td><strong>Cindy Peeters</strong></td>
<td>ADD</td>
</tr>
<tr>
<td><strong>Karine Pelegrin</strong></td>
<td>Soyer &amp; Mamet</td>
</tr>
<tr>
<td><strong>Theo Ruyters</strong></td>
<td>Howden Belgium</td>
</tr>
<tr>
<td><strong>Nancy Simons</strong></td>
<td>IC Verzekeringen &#8211; CI Assurances</td>
</tr>
<tr>
<td><strong>Nancy Van Cauwenbergh</strong></td>
<td>Hillewaere Insurance</td>
</tr>
<tr>
<td><strong>Ann Van der Linden</strong></td>
<td>Marsh</td>
</tr>
<tr>
<td><strong>Kari Vankeirsbilck</strong></td>
<td>Aon Belgium</td>
</tr>
<tr>
<td><strong>Sabrina Veiders</strong></td>
<td>LRS Insurance</td>
</tr>
<tr>
<td><strong>Wim Vermeersch</strong></td>
<td>Agallis</td>
</tr>
<tr>
<td><strong>Kristel Verstrepen</strong></td>
<td>Cigna Healthcare &#8211; Cigna International Health Services</td>
</tr>
<tr>
<td><strong>Louise Wieërs</strong></td>
<td>Concordia</td>
</tr>
</tbody>
</table>								</div>
				</div>
					</div>
				</div>
				</div>

<p>En tant que représentant des employeurs au sein de la commission paritaire du secteur (CP307), notre association joue un rôle clé dans le dialogue social. Cette commission rassemble l&rsquo;expertise et et aligne les positions du secteur en matière de relations de travail durables, de développement des talents et de politiques sociales tournées vers l&rsquo;avenir. L’accent [&hellip;]</p>
